{"id":13,"date":"2014-06-26T20:53:04","date_gmt":"2014-06-26T23:53:04","guid":{"rendered":"http:\/\/www.jornalrol.com.br\/?page_id=13"},"modified":"2023-05-28T13:33:49","modified_gmt":"2023-05-28T16:33:49","slug":"fale-conosco","status":"publish","type":"page","link":"https:\/\/jornalrol.com.br\/?page_id=13","title":{"rendered":"Fale Conosco"},"content":{"rendered":"<div class=\"pdfprnt-buttons pdfprnt-buttons-page pdfprnt-top-right\"><a href=\"https:\/\/jornalrol.com.br\/index.php?rest_route=%2Fwp%2Fv2%2Fpages%2F13&print=pdf\" class=\"pdfprnt-button pdfprnt-button-pdf\" target=\"_blank\" ><\/a><a href=\"https:\/\/jornalrol.com.br\/index.php?rest_route=%2Fwp%2Fv2%2Fpages%2F13&print=print\" class=\"pdfprnt-button pdfprnt-button-print\" target=\"_blank\" ><img decoding=\"async\" src=\"https:\/\/jornalrol.com.br\/wp-content\/plugins\/pdf-print\/images\/print.png\" alt=\"image_print\" title=\"Conte\u00fado de impress\u00e3o\" \/><\/a><\/div>\n<figure class=\"wp-block-image\"><img loading=\"lazy\" decoding=\"async\" width=\"1280\" height=\"853\" data-attachment-id=\"55174\" data-permalink=\"https:\/\/jornalrol.com.br\/?attachment_id=55174\" data-orig-file=\"https:\/\/jornalrol.com.br\/wp-content\/uploads\/2023\/05\/telephone-586266_1280.jpg\" data-orig-size=\"1280,853\" data-comments-opened=\"1\" data-image-meta=\"{&quot;aperture&quot;:&quot;0&quot;,&quot;credit&quot;:&quot;&quot;,&quot;camera&quot;:&quot;&quot;,&quot;caption&quot;:&quot;&quot;,&quot;created_timestamp&quot;:&quot;0&quot;,&quot;copyright&quot;:&quot;&quot;,&quot;focal_length&quot;:&quot;0&quot;,&quot;iso&quot;:&quot;0&quot;,&quot;shutter_speed&quot;:&quot;0&quot;,&quot;title&quot;:&quot;&quot;,&quot;orientation&quot;:&quot;0&quot;}\" data-image-title=\"telephone-586266_1280\" data-image-description=\"\" data-image-caption=\"\" data-large-file=\"https:\/\/jornalrol.com.br\/wp-content\/uploads\/2023\/05\/telephone-586266_1280.jpg\" src=\"http:\/\/jornalrol.com.br\/wp-content\/uploads\/2023\/05\/telephone-586266_1280.jpg\" alt=\"\" class=\"wp-image-55174\"\/><\/figure>\n\n\n\n<h2 class=\"wp-block-heading has-text-align-center\"><span style=\"color: #ff0000;\"><strong><mark style=\"background-color:rgba(0, 0, 0, 0)\" class=\"has-inline-color has-vivid-cyan-blue-color\">CONTATOS COM O JORNAL CULTURAL ROL<\/mark><\/strong><\/span><\/h2>\n\n\n\n<h3 class=\"wp-block-heading\">&nbsp;<\/h3>\n\n\n\n<hr class=\"wp-block-separator has-alpha-channel-opacity\"\/>\n\n\n\n<h3 class=\"wp-block-heading has-text-align-center\"><mark style=\"background-color:rgba(0, 0, 0, 0)\" class=\"has-inline-color has-vivid-cyan-blue-color\">Editoria de Itapetininga\/SP<\/mark><\/h3>\n\n\n\n<p class=\"has-text-align-center\"><strong>Helio Rubens de Arruda e Miranda<\/strong><br>(15) 3527-5288 (reda\u00e7\u00e3o) ou (15) 99707-4983 (pessoal)<br>jornalrol@gmail.com (reda\u00e7\u00e3o)<\/p>\n\n\n\n<hr class=\"wp-block-separator has-alpha-channel-opacity\"\/>\n\n\n\n<h3 class=\"wp-block-heading has-text-align-center\"><mark style=\"background-color:rgba(0, 0, 0, 0)\" class=\"has-inline-color has-vivid-cyan-blue-color\">Editoria de Sorocaba\/SP<\/mark><\/h3>\n\n\n\n<p class=\"has-text-align-center\"><strong>Sergio Diniz da Costa<br><\/strong>&nbsp;(15) 99616-5768 &nbsp;(pessoal)<br>jornalculturalrol2@gmail.com<\/p>\n\n\n\n<hr class=\"wp-block-separator has-alpha-channel-opacity\"\/>\n\n\n\n<h3 class=\"wp-block-heading has-text-align-center\"><mark style=\"background-color:rgba(0, 0, 0, 0)\" class=\"has-inline-color has-vivid-cyan-blue-color\">Editoria Setorial de Artes<\/mark><\/h3>\n\n\n\n<p class=\"has-text-align-center\"><strong>Ana Elisa Bloes Meirelles de Arruda e Miranda<\/strong><br>(15) 99721-4890 (pessoal)<br>jornalrol@gmail.com (reda\u00e7\u00e3o)<br>anaelisabloes@gmail.com (pessoal)<\/p>\n\n\n\n<hr class=\"wp-block-separator has-alpha-channel-opacity\"\/>\n","protected":false},"excerpt":{"rendered":"<p>CONTATOS COM O JORNAL CULTURAL ROL &nbsp; Editoria de Itapetininga\/SP Helio Rubens de Arruda e Miranda(15) 3527-5288 (reda\u00e7\u00e3o) ou (15) 99707-4983 (pessoal)jornalrol@gmail.com (reda\u00e7\u00e3o) Editoria de Sorocaba\/SP Sergio Diniz da Costa&nbsp;(15) 99616-5768 &nbsp;(pessoal)jornalculturalrol2@gmail.com Editoria Setorial de Artes Ana Elisa Bloes Meirelles de Arruda<\/p>\n<p class=\"link-more\"><a class=\"myButt \" href=\"https:\/\/jornalrol.com.br\/?page_id=13\">Read More<\/a><\/p>\n","protected":false},"author":6,"featured_media":0,"parent":0,"menu_order":0,"comment_status":"closed","ping_status":"closed","template":"","meta":{"footnotes":""},"class_list":["post-13","page","type-page","status-publish","hentry"],"aioseo_notices":[],"jetpack_sharing_enabled":true,"jetpack_likes_enabled":true,"jetpack-related-posts":[{"id":2614,"url":"https:\/\/jornalrol.com.br\/?page_id=2614","url_meta":{"origin":13,"position":0},"title":"Notas da Reda\u00e7\u00e3o","author":"Helio Rubens","date":"16 de julho de 2015","format":false,"excerpt":"O Jornal Cultural ROL somente publica not\u00edcias culturais de eventos gratuitos, ou oferecidos ao p\u00fablico a pre\u00e7os m\u00f3dicos e artigos de selecionad\u00edssimos colunistas. O Fundador do ROL e Editor Honor\u00e1rio \u00e9 Helio Rubens de Arruda e Miranda (Itapetininga\/SP) e o Editor Chefe \u00e9 Sergio Diniz da Costa (Sorocaba). Temos Colunistas\u2026","rel":"","context":"Post similar","block_context":{"text":"Post similar","link":""},"img":{"alt_text":"","src":"","width":0,"height":0},"classes":[]},{"id":55126,"url":"https:\/\/jornalrol.com.br\/?page_id=55126","url_meta":{"origin":13,"position":1},"title":"Corpo Editorial","author":"Jose Henriques Martins","date":"25 de maio de 2023","format":false,"excerpt":"Conhe\u00e7a a estrutura e os colunistas deste maravilhoso Jornal Cultural Rol. Expediente Colunistas COLUNISTAS NO BRASIL Acre (AC)02Alagoas (AL)01Amap\u00e1 (AP)Amazonas (AM)Bahia (BA)01Cear\u00e1 (CE)Distrito Federal (DF)Esp\u00edrito Santo (ES)02Goi\u00e1s (GO)Maranh\u00e3o (MA)01Mato Grosso (MT)01Mato Grosso do Sul (MS)Minas Gerais (MG)09Par\u00e1 (PA)Para\u00edba (PB)01Paran\u00e1 (PR)02Pernambuco (PE)Piau\u00ed (PI)Rio de Janeiro (RJ)05Rio Grande do Norte (RN)01Rio Grande\u2026","rel":"","context":"Post similar","block_context":{"text":"Post similar","link":""},"img":{"alt_text":"","src":"https:\/\/i0.wp.com\/jornalrol.com.br\/wp-content\/uploads\/2023\/06\/earth-1964822-peq.png?resize=350%2C200&ssl=1","width":350,"height":200,"srcset":"https:\/\/i0.wp.com\/jornalrol.com.br\/wp-content\/uploads\/2023\/06\/earth-1964822-peq.png?resize=350%2C200&ssl=1 1x, https:\/\/i0.wp.com\/jornalrol.com.br\/wp-content\/uploads\/2023\/06\/earth-1964822-peq.png?resize=525%2C300&ssl=1 1.5x"},"classes":[]},{"id":65,"url":"https:\/\/jornalrol.com.br\/?page_id=65","url_meta":{"origin":13,"position":2},"title":"Colunistas","author":"Sergio Diniz da Costa","date":"22 de outubro de 2014","format":false,"excerpt":"Abdulla Issa Poeta natural da Palestina, filho de uma fam\u00edlia que buscou ref\u00fagio na S\u00edria ap\u00f3s a ocupa\u00e7\u00e3o da Palestina em 1948. Cresceu no campo de refugiados de Babila, nos arredores de Damasco. Ganhou o Pr\u00eamio de Poesia em 1983 e foi considerado um dos principais s\u00edmbolos de renova\u00e7\u00e3o na\u2026","rel":"","context":"Com 178 coment\u00e1rios","block_context":{"text":"Com 178 coment\u00e1rios","link":"https:\/\/jornalrol.com.br\/?page_id=65#comments"},"img":{"alt_text":"Abdulla Issa","src":"https:\/\/i0.wp.com\/jornalrol.com.br\/wp-content\/uploads\/2026\/02\/39957.jpg?resize=350%2C200&ssl=1","width":350,"height":200,"srcset":"https:\/\/i0.wp.com\/jornalrol.com.br\/wp-content\/uploads\/2026\/02\/39957.jpg?resize=350%2C200&ssl=1 1x, https:\/\/i0.wp.com\/jornalrol.com.br\/wp-content\/uploads\/2026\/02\/39957.jpg?resize=525%2C300&ssl=1 1.5x, https:\/\/i0.wp.com\/jornalrol.com.br\/wp-content\/uploads\/2026\/02\/39957.jpg?resize=700%2C400&ssl=1 2x"},"classes":[]},{"id":55134,"url":"https:\/\/jornalrol.com.br\/?page_id=55134","url_meta":{"origin":13,"position":3},"title":"EDITORES SETORIAIS","author":"Jose Henriques Martins","date":"25 de maio de 2023","format":false,"excerpt":"","rel":"","context":"Post similar","block_context":{"text":"Post similar","link":""},"img":{"alt_text":"","src":"","width":0,"height":0},"classes":[]},{"id":70647,"url":"https:\/\/jornalrol.com.br\/?page_id=70647","url_meta":{"origin":13,"position":4},"title":"Estat\u00edsticas do ROL","author":"Jose Henriques Martins","date":"8 de novembro de 2024","format":false,"excerpt":"","rel":"","context":"Post similar","block_context":{"text":"Post similar","link":""},"img":{"alt_text":"","src":"","width":0,"height":0},"classes":[]},{"id":77725,"url":"https:\/\/jornalrol.com.br\/?page_id=77725","url_meta":{"origin":13,"position":5},"title":"A doa\u00e7\u00e3o falhou","author":"","date":"7 de janeiro de 2026","format":false,"excerpt":"Sentimos muito, sua doa\u00e7\u00e3o n\u00e3o foi processada. Tente novamente ou entre em contato com o suporte do site.","rel":"","context":"Post similar","block_context":{"text":"Post similar","link":""},"img":{"alt_text":"","src":"","width":0,"height":0},"classes":[]}],"_links":{"self":[{"href":"https:\/\/jornalrol.com.br\/index.php?rest_route=\/wp\/v2\/pages\/13","targetHints":{"allow":["GET"]}}],"collection":[{"href":"https:\/\/jornalrol.com.br\/index.php?rest_route=\/wp\/v2\/pages"}],"about":[{"href":"https:\/\/jornalrol.com.br\/index.php?rest_route=\/wp\/v2\/types\/page"}],"author":[{"embeddable":true,"href":"https:\/\/jornalrol.com.br\/index.php?rest_route=\/wp\/v2\/users\/6"}],"replies":[{"embeddable":true,"href":"https:\/\/jornalrol.com.br\/index.php?rest_route=%2Fwp%2Fv2%2Fcomments&post=13"}],"version-history":[{"count":12,"href":"https:\/\/jornalrol.com.br\/index.php?rest_route=\/wp\/v2\/pages\/13\/revisions"}],"predecessor-version":[{"id":55752,"href":"https:\/\/jornalrol.com.br\/index.php?rest_route=\/wp\/v2\/pages\/13\/revisions\/55752"}],"wp:attachment":[{"href":"https:\/\/jornalrol.com.br\/index.php?rest_route=%2Fwp%2Fv2%2Fmedia&parent=13"}],"curies":[{"name":"wp","href":"https:\/\/api.w.org\/{rel}","templated":true}]}}